Let z(j) = -j**3 + 18*j**2 - 23*j + 60. What is the tens digit of z(-14)?
5
Let v = -384 + 404. Let s(k) = 10*k - 1. What is the tens digit of s(v)?
9
Suppose -1894 = o + 5*s, -9 = 6*s - 3*s. Let p = o - -2841. What is the units digit of p?
2
Let f(l) = 46*l - 35. Let q(c) = -46*c + 36. Let r(j) = -5*f(j) - 4*q(j). What is the tens digit of r(-8)?
9
Let x be (0 + -1)/(-1 - -2) - 116. Let h = 287 - x. What is the units digit of h?
4
Suppose 132439 = -108*h + 1355863. What is the thousands digit of h?
1
Let j = 531 - 539. What is the tens digit of 7 + -2 + 984 + j?
8
Let h(g) = 5*g + 72. Let y be h(-14). What is the tens digit of ((-4)/y + 36)*(-357)/(-42)?
8
Let a = 21 + -15. Let j(i) = 3*i**3 + 2*i**2 - 3*i + 19. Let v be j(a). Suppose -121 + v = 6*g. What is the units digit of g?
0
Suppose 0 = -4*p + f + 2391, 3*f + 2994 = -0*p + 5*p. What is the tens digit of p - (10 + -10)*(1 - 0)?
9
Let j = -374 + 558. Let m be 21/14*146/(-3). Let n = m + j. What is the units digit of n?
1
Suppose 5*g - 1 = 2*n + 35, 8 = 4*n. Suppose -3*i = g*i + 22. What is the hundreds digit of i + (-130 - -2)/(-1)*1?
1
Let y be -12*(-933)/9 - -1. Suppose 3711 = 3*u - 0*z - 3*z, -u = -5*z - y. What is the tens digit of u?
3
Suppose -215*i - 5*j = -210*i - 221490, 0 = 5*i + 4*j - 221495. What is the hundreds digit of i?
3
Suppose -10 = -4*r + 9*r. Let g(p) be the first derivative of -9*p**4/4 + 2*p**3/3 + p**2/2 - 4*p - 3080. What is the tens digit of g(r)?
7
Let a(k) = 17*k**2 + 16 - 59*k - 19*k**2 + 33*k. What is the units digit of a(-12)?
0
Suppose 0 = 3*n - 103 - 83. Let u(q) = -n*q - 5*q - 99*q + 6. What is the tens digit of u(-1)?
7
Suppose 0*i + 3859 = 5*j - 3*i, -4*j - 5*i + 3102 = 0. Suppose -4*k = h + 138 - 344, k + j = 4*h. What is the hundreds digit of h?
1
Suppose 2062*g - 295048 = 2049*g. What is the tens digit of g?
9
Suppose -2*h - 24*p + 19*p - 60055 = 0, -4*h = 4*p + 120116. What is the hundreds digit of (h/(-175))/(4/10)?
4
Suppose 2*n + 134699 = 5*i, 5*i - 58340 - 76377 = -4*n. What is the ten thousands digit of i?
2
Let h = 7 + -72. Let b(p) = 33*p - 324. Let a be b(12). Let w = h + a. What is the units digit of w?
7
Suppose -13*n + 120 = -8*n. Suppose 3*x - 2*g - 20 = 0, -x + 6*x - g = n. Suppose 0 = 2*h - x*h + 66. What is the tens digit of h?
3
Let u = 208 - -319. Let o = -361 + u. What is the units digit of o?
6
Suppose -3*l - 219 - 237 = 0. Let z be ((-9)/6)/(12/l). Suppose -z = b - 39. What is the units digit of b?
0
Let t = 500 + -275. Suppose 8*k - 5*k - t = 0. Suppose 53 = 5*j + 2*h - 42, 0 = -5*j + 2*h + k. What is the tens digit of j?
1
What is the hundreds digit of ((-207)/(-9) + 202)*34?
6
What is the thousands digit of (-75 - -68 - (21016/(-2) - 1)) + 7?
0
Let s(n) = 1707 - 853 + n**3 - 10*n - 850 - n**2. Suppose 25 = -4*g + 9*g. What is the units digit of s(g)?
4
Let s = -23 + 48. Suppose 6*u - 215 - s = 0. What is the tens digit of u?
4
Let u be (-84 - -64)*(-96)/5. Suppose 3*f - 5*l = f + u, 199 = f + l. What is the units digit of f?
7
Let c be 10/15 + (-868)/6. Let u = c - -185. What is the units digit of u?
1
Suppose 76*o + 35 = 81*o. Let m be (o + (-10)/2)*(-30)/(-1). Suppose -52 = -c + m. What is the hundreds digit of c?
1
Let c(x) = 45*x**2 - 18*x - 102. Let z be c(-6). Let p = z + -539. What is the thousands digit of p?
1
Suppose -16*d + 1501312 = 80*d + 52*d. What is the ten thousands digit of d?
1
Let s = -1857 + 1229. Let v = s - -976. What is the hundreds digit of v?
3
Let h(k) = -5*k + 67. Let j be h(15). Let n = 1 - j. What is the units digit of (-87*(-2)/n)/(6/9)?
9
Let p be (-20)/(-50) + 1194/15. Suppose 2*v = 6*v. Suppose v = 3*s - p - 226. What is the units digit of s?
2
Let x = 483 - 488. What is the hundreds digit of (0 - 4)/(x/2735*4)?
5
Let t(p) = p**3 + 18*p**2 - 3*p - 19. Let b be t(-18). Suppose 32*z - 2*h = b*z - 574, z = 5*h + 180. What is the tens digit of z?
9
Suppose 4*r - 80 - 77 = -3*p, 4*r - 182 = 2*p. Let f = 43 - r. Suppose -3*h = a + 2*a - 375, -2*h = f. What is the hundreds digit of a?
1
Suppose -z + 4*h = -35, 4*z + 95 = 7*z - 2*h. Let p = 97 - 15. Suppose -4*o - 3*q = -249, -p = -o + 3*q - z. What is the units digit of o?
0
Suppose 194312 = 48*r - 366102 + 139358. What is the tens digit of r?
7
Suppose 43519 = 3*f - 253*c + 255*c, -2*f - 2*c + 29014 = 0. What is the ten thousands digit of f?
1
Let l be (2/(-5) - 6/(-15))*-1. Suppose 0 = -3*d - 4*b + 6*b + 418, l = b + 5. What is the units digit of d?
6
What is the units digit of 4/(-134) - 526727520/(-10720)?
5
Suppose -5481 = 83*p + 4*p. Let v be 1/(-3) - (-124)/(-6). What is the units digit of -1*(-1 - 109) - p/v?
7
Suppose -2*c + 52291 = 3*y, y = 39*c - 34*c + 17436. What is the thousands digit of y?
7
Suppose 0 = -5*c + 5*o + 10890, 17*o - 13*o + 2172 = c. What is the thousands digit of c?
2
Suppose 5*w - 59 = -4*d, 4*w - 96 = -5*d - 11. Let b = -23 + d. What is the tens digit of 1*(-4 + (b - -79))?
7
Suppose -66*v + 427927 - 1187 = 29*v. What is the units digit of v?
2
Suppose -4*u = -3*q + 79, -5*q = -5*u - 84 - 41. Suppose -q*v + 375 = -20*v. What is the tens digit of v?
7
What is the hundreds digit of 1/((-22)/2013)*668/(-6)?
1
Let t = -26 - -1275. What is the units digit of t?
9
Let s(o) = 44*o**2 - 311*o + 4101. What is the thousands digit of s(13)?
7
Let g(b) = 3*b**2 - 8*b + 87. What is the hundreds digit of g(12)?
4
Let u = -7840 - -18062. What is the hundreds digit of u?
2
Let p = -5925 + 9020. What is the thousands digit of p?
3
Suppose 300 = 11*h - h. Let q be (-3)/(-2 + h/24). Suppose q*r - r = -2*t + 665, 2*t + 430 = 2*r. What is the hundreds digit of r?
2
Suppose -638 - 66 = -32*i. Suppose -i*k + k + 7560 = 0. What is the hundreds digit of k?
3
Suppose -2*m + 5501 + 6646 = 5*f, 5*m = 4*f - 9744. What is the thousands digit of f?
2
Suppose -8 = -4*t, 31 = -5*f + t + 4. Let a(g) = -25*g + 61. What is the tens digit of a(f)?
8
Suppose 68*w - 3770630 = -136*w + 1457890. What is the ten thousands digit of w?
2
Suppose 0*k - 23*k + 190900 = 0. What is the units digit of k?
0
Let f = 89 + -48. Suppose 53 - f = 4*n. Suppose -2*y + j + 349 = 3*y, 0 = -n*j - 12. What is the units digit of y?
9
Let t be (-182)/(-8)*(-115 + 119). Suppose -22 = p + m, 0*m - m + 134 = -5*p. What is the units digit of 38/28*58 - p/t?
9
Let o(r) = -2*r**2 + 7*r + 33. Let t be o(6). Suppose -t*k = 2*l - 1043, -3*l + 1567 = -5*k + 7*k. What is the tens digit of l?
2
What is the hundreds digit of (2/((-4)/(-5635)))/(37/74)?
6
Let d(f) = 289*f**2 - 12*f - 10. Let s be d(5). Suppose 357*n - s = 352*n. What is the units digit of n?
1
Let p = 34 - -66. Suppose 0 = -2*z - 2*l + 348, 5*l = -z + 290 - p. Let q = 256 - z. What is the units digit of q?
6
Suppose -3*t + 1241 = 4*n, 828 = 5*t - 3*t + 3*n. Let y = 575 - t. What is the tens digit of y?
6
What is the units digit of -3 + (6/(-10) - (866052/(-45) - 1))?
3
Suppose 3*d + 28 = 34. Suppose 4*o - 2094 + 546 = -u, 5*o - 1932 = -d*u. What is the units digit of o?
8
Let i be (-2)/(-16 + 15) + 0. Suppose 0 = 5*h + 48 - 348. Suppose -i*b = -146 - h. What is the hundreds digit of b?
1
Suppose -56 = -2*z + x + 3, -5*z + 4*x = -140. What is the hundreds digit of 1366*1 + z + -30?
3
Suppose -11*m + 50979 = 24*m - 112716. What is the hundreds digit of m?
6
Suppose -58*h + 1250816 + 1488128 = 719036. What is the ten thousands digit of h?
3
Let d be (434/9)/1 + (-110)/495. Suppose 2*o = -y - 2*o + d, 5*y + 3*o - 274 = 0. What is the units digit of y?
6
Suppose -2*j - 63508 = -3*d, 4*j + 121041 = 5*d + 15195. What is the hundreds digit of d?
1
Suppose 12*h = 4*v + 7*h - 168299, 4*v = h + 168335. What is the ten thousands digit of v?
4
Let s(w) = -4*w**2 + 24*w + 2. Let k be s(5). Let d(n) = -n**3 + 9*n**2 - 4*n - 9. Let q be d(8). Suppose -q*c + k*c = -110. What is the tens digit of c?
1
Suppose 4*o - 2*c - 2330 = 4448, 5*c = 2*o - 3409. Let s = o + -1142. What is the tens digit of s?
5
Let y(q) = -8 + 12*q - 20*q**2 + 69*q**2 - 20*q**2 - 28*q**2. What is the units digit of y(15)?
7
Let m = 14328 - 5573. What is the tens digit of m?
5
Suppose -r - 4 + 1 = -u, 0 = -4*u + 2*r + 16. Let x(k) = 5*k**2 - 5*k + 6. Let c be x(u). Suppose -5*t + 104 + c = 0. What is the tens digit of t?
4
Let w = 152003 + -106157. What is the tens dig